= i. Is m(i) composite?
True
Suppose -4*i = -5*i - 67. Suppose -c - 360 = -7*c. Let v = c - i. Is v a prime number?
True
Let r be (2 - -49) + (-5 - -2). Is (5 - 1)*2*79374/r composite?
False
Let l = -1032 + 93181. Let q = l - 56214. Is q a composite number?
True
Suppose 18*p = 8336686 + 4667847 - 1219951. Is p composite?
True
Let x(j) = -j**3 - 20*j**2 + 43*j - 28. Let t be x(-22). Is (1924/8)/(t/(-12)) prime?
False
Suppose -7*a + 2*a - 40 = 0. Let z be ((-2)/(-3))/(a/240). Is z/36*-831*3 prime?
False
Suppose 4*x = -3*w + 154, -1 + 7 = -3*x. Let n = -57 - -86. Let a = n + w. Is a composite?
False
Suppose -1571248 + 743549 = -30*c + 3129271. Is c composite?
False
Suppose 4*x - 4237187 = -5*m, -15*x + 3*m = -16*x + 1059302. Is x composite?
False
Suppose 7*s - 47807 - 48114 = 0. Let g = -9172 + s. Is g a prime number?
False
Suppose 7*y - 2*y + 79 = 3*r, -r + 3*y + 25 = 0. Is (-1)/7 - 536*(-610)/r prime?
True
Let v(h) = 122*h**2 - 4*h + 10. Let c(m) = 61*m**2 - 2*m + 5. Let n(i) = -5*c(i) + 3*v(i). Is n(-4) composite?
True
Suppose -3*w + x = -232414, 3*w - 232418 = 12*x - 7*x. Is w prime?
True
Let y = -13512 + 9009. Let s = y + 10426. Is s prime?
True
Suppose -1 = w - 13. Suppose 10*n = w*n - 10. Let v(y) = y**3 + 2*y**2 + 2*y + 6. Is v(n) a prime number?
True
Suppose -7*v + 48 = -1. Let p be 1/7 - (-1 - 13/v). Let o(z) = 43*z**2 - 4*z + 4. Is o(p) a prime number?
True
Let u = 34 + -27. Suppose u*q - 265791 = -67880. Suppose q = 20*y - 13*y. Is y prime?
False
Let m be 8/(-6)*(-5 - -2). Suppose m*p + 8*b - 5584 = 3*b, -3*p + 4157 = -4*b. Is p a composite number?
True
Let b be ((-88)/6)/(7/21). Let s be 1/(-2) - b/8. Let k(t) = 4*t**3 + 3*t**2 - 7*t + 1. Is k(s) prime?
True
Suppose -4*r + 270 = 5*m, 0 = 2*m - 2*r + 6*r - 120. Let u = 549 - 589. Is u/m*890/(-4) a prime number?
False
Suppose -155*f + 157185 = -146*f. Suppose -3*y + 10458 = -3*m, 16*y - f = 11*y - 2*m. Is y composite?
False
Suppose 6*f + 3 = 4*g + 5*f, -12 = 4*g + 4*f. Suppose 4*j + 2*w = -2*w + 26552, -3*j + 2*w + 19909 = g. Is j composite?
False
Let o = 191 + -889. Suppose -4*p = 8, -2*u - 224 = 3*p + 262. Let r = u - o. Is r a composite number?
True
Is 5 + -1 + (-13 - -13) - -223863 composite?
True
Let s(o) = -1282*o**3 - o**2 - 132*o - 636. Is s(-5) prime?
False
Let w = 222379 - 118591. Is 1/(-7 - w/(-14826)) prime?
False
Suppose -10*f - 16691 = 82699. Let w = f - -15290. Is w composite?
False
Suppose -f + 3 = 0, 71*w - f = 73*w - 171977. Is w a prime number?
False
Let k = 12 + -10. Is (35 + 3123)*1/k composite?
False
Let k(f) = 13733*f**2 - 92*f + 280. Is k(3) a composite number?
False
Is (1622397/19)/3 - 344/3268 a prime number?
True
Let x(p) = 3466*p + 807. Is x(16) prime?
True
Let u(g) = -13 + 12 + g**2 + 17 + 16 + 13*g. Let n be u(-9). Is (n + 5)/3 - (-25808)/3 a prime number?
False
Let i(q) be the third derivative of 29*q**5/60 + q**4/6 + 14*q**3/3 + 149*q**2. Is i(9) a composite number?
True
Is 767225/75 + (2/(-3))/((-15)/30) a prime number?
False
Let k = -41473 - -24142. Let y = k - -39548. Is y prime?
False
Let d be (7/(-3))/((2 - -13)/45). Let m(i) = 10*i**2 + 6*i - 14 + 3*i**2 + 4*i. Is m(d) a composite number?
True
Let u be (-12)/(-15) - (-101262)/35. Let r = 1532 + u. Is r a prime number?
False
Let g(t) be the second derivative of -t**5/20 + t**3/6 + 1817*t**2/2 + 2*t. Let w = 2562 - 2562. Is g(w) a prime number?
False
Suppose -2 = 25*i - 27*i - 4*s, i = 5*s + 8. Suppose -h = i, h = 3*g - 634 - 2954. Is g prime?
False
Let n(t) = -191*t + 5. Let h be n(-32). Suppose -2168 = -5*y + h. Is y prime?
True
Let p(v) = v**3 - 14*v**2 + 9*v + 17. Let y be p(13). Let j = -41 - y. Let c(i) = -44*i - 13. Is c(j) composite?
False
Suppose 7 = 2*o + q, q + 4 - 1 = 0. Suppose -2*a + 36175 = 3*g, -36155 = o*g - 8*g + 2*a. Suppose 0 = 4*u + u - g. Is u prime?
True
Let m be -6 + 8 - -14425 - -6. Let p = -9850 + m. Is p a composite number?
False
Let t(m) = 12*m**3 - 3*m**2 + 2*m - 11. Let x = -694 - -706. Is t(x) prime?
False
Suppose 5*d - 662 - 386 = -j, -2 = 2*d. Suppose -7*h - j = -4*h. Let t = -174 - h. Is t a prime number?
False
Suppose -3*b = 5*z - 175730, -2*z + 82*b - 81*b = -70303. Is z a prime number?
True
Suppose -52 = -4*x - h, -x + 5*h - 36 + 28 = 0. Let p(i) = 97*i + 31*i + 4*i - 15*i - 21. Is p(x) a composite number?
True
Suppose 2*u - 48055 = -j, -13 = u - 17. Is j composite?
True
Suppose p + 21 - 17 = 0. Is (-2503)/(5 - (p + 10)) a composite number?
False
Let x = -18022 - -47556. Is x a composite number?
True
Let f be (1/(-1))/((-205)/50 + 4). Let t be f/(-4)*(-84)/(-70). Is (1/t)/(21/(-69867)) prime?
True
Suppose -4*d + 18 = 5*d. Let z be 6/d + (-9)/9. Let y(s) = 314*s + 3. Is y(z) prime?
True
Let q(m) = 22*m - 8. Let r be q(2). Let x be 21*15/r + (-4)/(-16). Is 1/((-3)/x) + 214 a prime number?
True
Let o(t) = t**3 - 10*t**2 + 114*t - 258. Is o(47) composite?
True
Let q = 217608 - -218711. Is q a prime number?
False
Let j be ((-4)/4 - -1)/(-1) - 35. Let m = 40 + j. Suppose -3*h - m*b = 2*h - 6360, h - 3*b = 1268. Is h prime?
False
Let y be ((-24)/18)/((-1)/(-3)). Is (y - (-15630)/9) + (-5)/(-15) a prime number?
True
Let u(z) = -2*z**3 + 5*z**2 + z - 2. Let l be u(2). Suppose v + l*v - 1615 = 0. Is v a composite number?
True
Suppose -696 = -b + 4*y + 1238, y = 3. Let p = 852 - b. Let r = -427 - p. Is r composite?
True
Let z(m) = 21*m - 67. Let f be z(5). Suppose -33*c - 7805 = -f*c. Is c a composite number?
True
Let p(m) = -12*m + 40. Let y(g) = -g**2 - 35*g + 119. Let w(q) = 8*p(q) - 3*y(q). Let z(h) = h + 9. Let v be z(4). Is w(v) a prime number?
True
Let d = 16460 - 6477. Is d a composite number?
True
Let w be (-1)/(6/(-4) - -1) - 97. Let d be (-76)/w + 1/5. Is (-4 - -4)/d + 113 a composite number?
False
Let h(k) = 30*k + 90. Let s be h(35). Is s + 3/15*0 + -1 a composite number?
True
Let l(i) = 395*i + 72. Let y(d) = 1581*d + 288. Let f(u) = 9*l(u) - 2*y(u). Is f(23) a prime number?
False
Let l(s) = 1133*s**2 - 3*s + 1. Let h be (-6 + -2)*(-12)/24. Let v(o) = -2267*o**2 + 6*o - 3. Let x(q) = h*v(q) + 9*l(q). Is x(2) a composite number?
False
Let s = -64283 + 168630. Is s composite?
False
Let k be 1 + 1 + -16*51525/(-10). Suppose 26702 = 7*y - k. Suppose -y = 4*x - 12*x. Is x composite?
False
Suppose 0 = -28*u - 84*u + 11280080. Is u composite?
True
Suppose 20*y - 511923 = 1844737. Is y a prime number?
True
Suppose -u = 3 - 1. Is (-2 - (u + 2))/((-5)/8885) prime?
False
Let g = 1716 - 152. Suppose -a - g = -5*a. Suppose 0 = -5*u + a + 944. Is u a prime number?
False
Let g be (-3456)/10 + 4 + (-2)/5. Let t = g - -238. Let l = t - -435. Is l prime?
True
Let t(o) be the second derivative of -o**3/6 - 2*o**2 + o. Let l be t(-6). Suppose l*w - f = -w + 923, -f + 612 = 2*w. Is w a composite number?
False
Let w be (-8)/(-12)*(-1200)/(-1). Suppose t = -3919 + w. Let v = -1522 - t. Is v composite?
False
Let c be (-445)/(-25) - (-2)/10. Suppose -7692 = -30*k + c*k. Is k composite?
False
Let p(h) = -2432*h - 7. Let s be -1*(-2 + 6 + 2). Is p(s) prime?
False
Suppose 13063380 = s + 131*s. Is s a prime number?
False
Suppose -19*l = -8*l - 78870. Let s = -3187 + l. Is s prime?
False
Suppose 2 = 3*t + 2*r + 2*r, 0 = -4*t + 5*r - 49. Suppose -5*p - 2*m + 9 = 0, 9*p + 27 = 13*p - 5*m. Is (-4)/t - (-112)/p a composite number?
True
Let h be 10/(-5) - 1 - -3645. Let z be (-1)/(-6) - 967835/66. Is 1/((-2)/(-8) + h/z) a prime number?
False
Let d be -2 - (-5 - 993) - (-6)/(-2). Let y = d + 350. Is y a composite number?
True
Suppose 6*g + 139250 = 2*f + 7*g, 3*g - 139258 = -2*f. Is f a composite number?
False
Suppose -5*y + 62*k = 65*k - 44, 3*k - 24 = -3*y. Let v(t) be the third derivative of t**6/120 - 11*t**5/60 + t**4/2 + t**3 - t**2. Is v(y) a composite number?
True
Let w = -127 + 132. Suppose 0 = -13*q + w*q + 12344. Is q a prime number?
True
Let v = -13094 + 13773. Is v a composite number?
True
Is (-3)/7*(-28940086)/28 - (-6)/12 a prime number?
True
Let g = -39545 + 58780. Is g prime?
False
Let s = -4227 - -61210. Is s a composite number?
False
Let n = -47939 + 73128. Is n a prime number?
True
Suppose -5*x - 26068 = 13*n - 12*n, 3*x + 5*n + 15632 = 0. Let t = x - -13293. Is t composite?
True
Let x = 34698 - 2892. Suppose -3*f - 2*l + 9184 = -38529, 2*l = -2*f + x. Is f prime?
True
Su